
Is 396403 prime?
False
Is 1001373 composite?
True
Is 1103869 prime?
False
Is 116719 a composite number?
False
Is 59515 a prime number?
False
Is 339 a composite number?
True
Is 323165 composite?
True
Is 24569 composite?
True
Is 2391 a prime number?
False
Is 272863 prime?
True
Is 13379 a composite number?
True
Is 7669 a prime number?
True
Is 20506 prime?
False
Is 18741 a composite number?
True
Is 5737 prime?
True
Is 130589 composite?
False
Is 31379 prime?
True
Is 736357 a prime number?
True
Is 19541 a composite number?
False
Is 528811 a composite number?
False
Is 63911 a composite number?
True
Is 542683 prime?
True
Is 6999 a composite number?
True
Is 557657 composite?
True
Is 67 composite?
False
Is 245153 composite?
True
Is 3829931 a composite number?
True
Is 2218 a composite number?
True
Is 18979 composite?
False
Is 198461 prime?
True
Is 4703 composite?
False
Is 3227855 a prime number?
False
Is 536509 prime?
True
Is 28049 a composite number?
True
Is 14215 a prime number?
False
Is 45053 prime?
True
Is 4526263 a composite number?
True
Is 5507 a composite number?
False
Is 21557 prime?
True
Is 8663 a composite number?
False
Is 2974 a prime number?
False
Is 529381 composite?
False
Is 8861 composite?
False
Is 249877 composite?
True
Is 145303 a composite number?
False
Is 13669 a prime number?
True
Is 1737733 prime?
True
Is 1429507 composite?
False
Is 24937 a composite number?
True
Is 621239 prime?
True
Is 149 a prime number?
True
Is 8615 a prime number?
False
Is 191413 prime?
True
Is 3203 a prime number?
True
Is 945017 prime?
False
Is 399851 composite?
False
Is 39361 prime?
False
Is 2631 prime?
False
Is 1130135 composite?
True
Is 484853 a composite number?
False
Is 7435 a composite number?
True
Is 81986 composite?
True
Is 14845 composite?
True
Is 13399 composite?
False
Is 572419 a prime number?
True
Is 1032221 prime?
True
Is 8903 a composite number?
True
Is 550527 prime?
False
Is 3557113 composite?
True
Is 70289 composite?
False
Is 3011 a composite number?
False
Is 48611 composite?
False
Is 121259 a prime number?
True
Is 74131 composite?
False
Is 10951 a composite number?
True
Is 171491 prime?
True
Is 66029 a composite number?
False
Is 68979 prime?
False
Is 12421 prime?
True
Is 3007129 composite?
False
Is 15682 a prime number?
False
Is 477293 composite?
False
Is 790261 composite?
False
Is 354727 prime?
True
Is 13217 prime?
True
Is 11863 composite?
False
Is 229331 composite?
True
Is 338633 prime?
False
Is 81085 prime?
False
Is 32961 a composite number?
True
Is 42191 composite?
True
Is 300511 composite?
False
Is 33703 a prime number?
True
Is 1041697 a prime number?
False
Is 6899 a composite number?
False
Is 379003 a composite number?
True
Is 43531 composite?
True
Is 7901 composite?
False
Is 39706 prime?
False
Is 101359 a prime number?
True
Is 3251 a prime number?
True
Is 299283 composite?
True
Is 66221 a prime number?
True
Is 206699 a prime number?
True
Is 127519 prime?
False
Is 9967 composite?
False
Is 53681 a prime number?
True
Is 933 a composite number?
True
Is 14738 prime?
False
Is 3359 prime?
True
Is 299951 composite?
False
Is 747941 a composite number?
False
Is 6073 a composite number?
False
Is 55493 a composite number?
True
Is 20203 prime?
False
Is 11027 a prime number?
True
Is 1735645 a composite number?
True
Is 65693 a prime number?
False
Is 857041 a prime number?
False
Is 297031 composite?
True
Is 290557 a prime number?
True
Is 10037 composite?
False
Is 8639 a prime number?
False
Is 17237 a prime number?
False
Is 7297 prime?
True
Is 69289 prime?
False
Is 14107 a prime number?
True
Is 43459 a prime number?
False
Is 6437 a composite number?
True
Is 1187 composite?
False
Is 217843 prime?
False
Is 118821 composite?
True
Is 970193 composite?
True
Is 257437 composite?
False
Is 808627 prime?
True
Is 5623 a prime number?
True
Is 479263 prime?
True
Is 1121 a prime number?
False
Is 955 prime?
False
Is 41969 a prime number?
True
Is 9406 a composite number?
True
Is 26002 composite?
True
Is 3739 a composite number?
False
Is 922859 prime?
False
Is 1472743 a prime number?
True
Is 502187 a composite number?
True
Is 69371 a composite number?
False
Is 1115 a composite number?
True
Is 148547 composite?
True
Is 28073 composite?
True
Is 6959 a prime number?
True
Is 2407 prime?
False
Is 2407541 a prime number?
False
Is 7405 a prime number?
False
Is 111161 a composite number?
True
Is 468271 composite?
False
Is 368006 a prime number?
False
Is 43391 prime?
True
Is 7891 composite?
True
Is 236255 composite?
True
Is 93809 composite?
False
Is 369559 composite?
True
Is 1003193 a prime number?
True
Is 2333 a composite number?
False
Is 97103 prime?
True
Is 2813 a composite number?
True
Is 214295 a prime number?
False
Is 146231 composite?
True
Is 666209 a composite number?
True
Is 39581 prime?
True
Is 7387 a composite number?
True
Is 126823 a composite number?
False
Is 445861 a prime number?
False
Is 99031 prime?
False
Is 6619 a composite number?
False
Is 173321 a prime number?
False
Is 271531 a prime number?
False
Is 2018 composite?
True
Is 5251 a composite number?
True
Is 129009 prime?
False
Is 24917 a prime number?
True
Is 5501 a composite number?
False
Is 10039 prime?
True
Is 398887 prime?
True
Is 10345 a prime number?
False
Is 363059 prime?
True
Is 25013 a prime number?
True
Is 60539 composite?
False
Is 43723 a prime number?
False
Is 1880017 prime?
True
Is 93371 composite?
False
Is 23251 a composite number?
False
Is 125869 prime?
False
Is 600167 a prime number?
True
Is 26879 prime?
True
Is 51063 a composite number?
True
Is 5567 a prime number?
False
Is 449519 composite?
True
Is 60209 a prime number?
True
Is 1077893 a prime number?
True
Is 285745 a prime number?
False
Is 1039109 a prime number?
True
Is 4861 a composite number?
False
Is 83131 prime?
False
Is 2352413 a composite number?
True
Is 13519 a composite number?
True
Is 4897 a prime number?
False
Is 41999 a composite number?
False
Is 1454 a prime number?
False
Is 108755 prime?
False
Is 3691 composite?
False
Is 81386 a prime number?
False
Is 998869 a prime number?
False
Is 2161 composite?
False
Is 74371 composite?
True
Is 749011 a prime number?
True
Is 2438945 a prime number?
False
Is 12527 composite?
False
Is 113921 composite?
False
Is 235317 a prime number?
False
Is 79931 prime?
False
Is 117721 prime?
True
Is 47181 prime?
False
Is 49853 a composite number?
False
Is 4703 composite?
False
Is 20171 a prime number?
False
Is 713519 composite?
True
Is 10342 prime?
False
Is 816271 composite?
False
Is 1175639 a prime number?
False
Is 558517 a prime number?
False
Is 1693 composite?
False
Is 360637 a composite number?
False
Is 7194257 prime?
False
Is 396269 composite?
False
Is 17159 composite?
False
Is 33931 composite?
False
Is 1061393 a composite number?
False
Is 1551817 a composite number?
True
Is 1657 composite?
False
Is 323017 a composite number?
True
Is 1709 prime?
True
Is 26507 prime?
False
Is 8311 a prime number?
True
Is 28777 a prime number?
False
Is 4461869 prime?
True
Is 243421 prime?
True
Is 71447 prime?
False
Is 37211 a prime number?
False
Is 62555 prime?
False
Is 431939 a composite number?
True
Is 478189 a prime number?
True
Is 252709 prime?
True
Is 174053 a prime number?
False
Is 22807 composite?
False
Is 398917 a prime number?
True
Is 3643 prime?
True
Is 163397 a prime number?
False
Is 34345 a prime number?
False
Is 134129 a composite number?
False
Is 174449 composite?
True
Is 158293 a composite number?
False
Is 33539 a composite number?
True
Is 81173 prime?
True
Is 572161 prime?
True
Is 168851 prime?
True
Is 380441 composite?
False
Is 561445 composite?
True
Is 351341 prime?
True
Is 1932703 composite?
False
Is 3017 a composite number?
True
Is 15707 composite?
True
Is 11197 composite?
False
Is 67877 a prime number?
False
Is 1806089 a prime number?
True
Is 46807 a composite number?
False
Is 21281 a prime number?
False
Is 26434 composite?
True
Is 629 prime?
False
Is 1077 a prime number?
False
Is 24799 a composite number?
False
Is 1637 a prime number?
True
Is 32909 a composite number?
False
Is 42917 a composite number?
True
Is 10801 composite?
True
Is 1337 a prime number?
False
Is 4083 composite?
True
Is 6937 composite?
True
Is 9217 composite?
True
Is 614497 composite?
True
Is 325459 composite?
False
Is 5176